9838 is divided by 22?
20
What is the remainder when 350357 is divided by 9367?
3778
What is the remainder when 14861971 is divided by 7430973?
25
What is the remainder when 20125 is divided by 20001?
124
What is the remainder when 931874 is divided by 172?
150
Calculate the remainder when 2054336 is divided by 19.
18
What is the remainder when 5237788 is divided by 403?
400
What is the remainder when 445594 is divided by 938?
44
What is the remainder when 55488 is divided by 13473?
1596
Calculate the remainder when 24239 is divided by 2209.
2149
Calculate the remainder when 794899 is divided by 113542.
105
What is the remainder when 539670 is divided by 89847?
588
Calculate the remainder when 1283002 is divided by 49.
35
What is the remainder when 28662 is divided by 22?
18
Calculate the remainder when 96067 is divided by 179.
123
Calculate the remainder when 234008 is divided by 103.
95
Calculate the remainder when 2376841 is divided by 475351.
86
Calculate the remainder when 34344 is divided by 16928.
488
What is the remainder when 420017 is divided by 1860?
1517
Calculate the remainder when 477473 is divided by 121.
7
Calculate the remainder when 17195 is divided by 1120.
395
What is the remainder when 1689322 is divided by 1530?
202
Calculate the remainder when 6729858 is divided by 3364877.
104
Calculate the remainder when 2444895717 is divided by 9245.
9242
Calculate the remainder when 690126 is divided by 12261.
3510
Calculate the remainder when 424437 is divided by 1965.
1962
What is the remainder when 22823308 is divided by 1521553?
13
What is the remainder when 40495016 is divided by 1073?
1069
Calculate the remainder when 70532 is divided by 23431.
239
What is the remainder when 29210010 is divided by 553?
550
Calculate the remainder when 4335726 is divided by 2250.
2226
What is the remainder when 94220 is divided by 1344?
140
Calculate the remainder when 679243 is divided by 50.
43
Calculate the remainder when 8102300 is divided by 2013.
1988
What is the remainder when 10961192 is divided by 15?
2
Calculate the remainder when 439890 is divided by 10717.
493
What is the remainder when 4005721 is divided by 178?
9
Calculate the remainder when 9533798 is divided by 730.
728
What is the remainder when 15223146 is divided by 1522314?
6
What is the remainder when 116227 is divided by 38698?
133
What is the remainder when 1952363 is divided by 78?
23
Calculate the remainder when 482189 is divided by 26764.
437
Calculate the remainder when 504641 is divided by 835.
301
What is the remainder when 382465 is divided by 10565?
2125
What is the remainder when 1688696 is divided by 29?
26
What is the remainder when 264557 is divided by 528?
29
What is the remainder when 482588 is divided by 334?
292
Calculate the remainder when 414663 is divided by 82932.
3
Calculate the remainder when 573315502 is divided by 591.
586
What is the remainder when 199323 is divided by 281?
94
Calculate the remainder when 29575419 is divided by 2930.
2929
Calculate the remainder when 942972 is divided by 471473.
26
Calculate the remainder when 58282 is divided by 1497.
1396
What is the remainder when 791022 is divided by 201?
87
What is the remainder when 3823515 is divided by 462?
3
Calculate the remainder when 79649341 is divided by 73.
63
What is the remainder when 888099 is divided by 444027?
45
What is the remainder when 14767978 is divided by 1087?
1083
What is the remainder when 27529 is divided by 5562?
5281
What is the remainder when 2329433 is divided by 1019?
1018
What is the remainder when 31337 is divided by 3849?
545
Calculate the remainder when 46781282 is divided by 44.
42
What is the remainder when 48212 is divided by 56?
52
What is the remainder when 287065 is divided by 223?
64
What is the remainder when 1172587 is divided by 4359?
16
Calculate the remainder when 79210 is divided by 6583.
214
Calculate the remainder when 4773731 is divided by 227320.
11
What is the remainder when 34425913 is divided by 34?
29
What is the remainder when 913025 is divided by 456499?
27
Calculate the remainder when 202434 is divided by 4842.
3912
Calculate the remainder when 253512 is divided by 3721.
484
Calculate the remainder when 300759482 is divided by 167.
164
Calculate the remainder when 13087 is divided by 12679.
408
Calculate the remainder when 331706 is divided by 106.
32
What is the remainder when 39765 is divided by 17493?
4779
What is the remainder when 18141 is divided by 31?
6
What is the remainder when 75981 is divided by 881?
215
What is the remainder when 12045942 is divided by 3011479?
26
Calculate the remainder when 22639288 is divided by 5799.
5791
Calculate the remainder when 3403733198 is divided by 805.
803
What is the remainder when 53832379 is divided by 1630?
1629
What is the remainder when 2951969 is divided by 396?
185
Calculate the remainder when 61640947 is divided by 346.
9
Calculate the remainder when 35097259 is divided by 110.
109
What is the remainder when 34710141 is divided by 6429?
6399
Calculate the remainder when 56275 is divided by 2008.
51
Calculate the remainder when 209726 is divided by 4766.
22
Calculate the remainder when 27246779 is divided by 66.
65
What is the remainder when 290339 is divided by 139?
107
What is the remainder when 77794 is divided by 77345?
449
What is the remainder when 144939 is divided by 1703?
184
Calculate the remainder when 1807796 is divided by 451900.
196
What is the remainder when 2004497 is divided by 48?
17
What is the remainder when 153750 is divided by 334?
110
Calculate the remainder when 495213 is divided by 82.
15
What is the remainder when 27625932 is divided by 3946?
3932
What is the remainder when 475024 is divided by 1594?
12
What is the remainder when 315700 is divided by 421?
371
What is the remainder when 64466 is divided by 6791?
3347
What is the remainder when 9165597 is divided by 475?
472
What is the remainder when 122618071 is divided by 173?
169
What is the remainder when 9120 is divided by 9106?
14
Calculate the remainder when 1350858 is divided by 1048.
1034
What is the remainder when 1056701 is divided by 527939?
823
What is the remainder when 13771920 is divided by 182?
162
Calculate the remainder when 23508 is divided by 23400.
108
What is the remainder when 625510 is divided by 334?
262
Calculate the remainder when 2998056 is divided by 1101.
33
What is the remainder when 12386784 is divided by 25?
9
What is the remainder when 820806 is divided by 3800?
6
Calculate the remainder when 32519 is divided by 3301.
2810
What is the remainder when 171389 is divided by 2089?
91
What is the remainder when 4818755 is divided by 2551?
2467
Calculate the remainder when 1316703 is divided by 73150.
3
What is the remainder when 19914 is divided by 2353?
1090
Calculate the remainder when 6872540 is divided by 939.
938
What is the remainder when 4493665 is divided by 4023?
3997
Calculate the remainder when 123304 is divided by 425.
54
Calculate the remainder when 18868739 is divided by 399.
29
What is the remainder when 17800440 is divided by 12993?
30
Calculate the remainder when 356526 is divided by 44.
38
What is the remainder when 5772092 is divided by 1154418?
2
What is the remainder when 48787 is divided by 6857?
788
What is the remainder when 424812 is divided by 2992?
2940
What is the remainder when 85269339 is divided by 4487859?
18
What is the remainder when 150891 is divided by 553?
475
What is the remainder when 1031091 is divided by 4?
3
What is the remainder when 32099026 is divided by 719?
709
Calculate the remainder when 158912 is divided by 373.
14
What is the remainder when 29902 is divided by 8827?
3421
What is the remainder when 19532626 is divided by 269?
267
Calculate the remainder when 73578527 is divided by 110.
77
Calculate the remainder when 1613818 is divided by 7369.
7
Calculate the remainder when 130502859 is divided by 121398.
9
Calculate the remainder when 121555 is divided by 60720.
115
What is the remainder when 1914790 is divided by 365?
0
What is the remainder when 5393 is divided by 5281?
112
What is the remainder when 60514 is divided by 2429?
2218
Calculate the remainder when 2552004 is divided by 364572.
0
Calculate the remainder when 164